 208, -3*r - 2*r = 5*i - 265. What is the tens digit of r?
5
Let g(j) = 68*j**3 + j**2 + 3*j. What is the hundreds digit of g(2)?
5
Let u be (8/10)/((-10)/(-25)). Suppose 13 = u*w - 41. What is the tens digit of w?
2
Suppose 4*m - 16192 = -38*b + 39*b, 0 = -5*m + b + 20241. What is the hundreds digit of m?
0
Suppose 0 = -3*x - 4 + 16. Suppose -x = -3*w + 8. Suppose -5*y + w + 126 = 0. What is the tens digit of y?
2
Let n(d) = d**2 + 6. Let u be n(-6). Let b = u - 27. What is the tens digit of ((-5)/b)/((-2)/246)?
4
Let o(x) = -x - 8. Let n be o(-14). Suppose n*u - 8*u = -126. What is the tens digit of u?
6
Let r be ((-3)/(-2))/(30/(-160)). Let p be (-30)/r - (-1)/4. What is the tens digit of (6 + p)*(5 + -2)?
3
Let h(z) be the second derivative of z**5/20 + 11*z**4/12 + 3*z**3/2 - 5*z**2/2 + 16*z. What is the units digit of h(-10)?
5
What is the hundreds digit of (108/72)/((-6)/(-1192))?
2
Let d(v) = 2*v**2 + 10*v - 8. Let g be d(-6). Let u = 15 - g. Let t = 14 + u. What is the tens digit of t?
2
Let u = 11 + 3. Let o = -181 - u. What is the units digit of o/(-20) + 3/(-4)?
9
Let p be 2*(0 - 2)*(-3)/6. Suppose l - 4*g - 8 = 32, -3*l = -2*g - 70. Suppose 7*n = p*n - 2*r + 95, -l = -4*r. What is the tens digit of n?
1
Suppose 0 = -0*q - 2*q + 34. Let c = -13 + q. Suppose 43 = c*a - 173. What is the units digit of a?
4
Suppose 1260*w = 1268*w - 17216. What is the thousands digit of w?
2
Let u(c) = -1. Let x(f) = 7 + 3*f**3 + 2 + f**2 + f - 15. Let b(i) = 5*u(i) - x(i). What is the units digit of b(-2)?
3
Let g(d) = 2*d**3 - 2*d + 780. Let w be g(0). Suppose 15*x + 60 = w. What is the units digit of x?
8
Let x(v) = 8*v**2 - 8*v - 17. Let b be x(-6). Suppose -i + 5*g + 54 = -63, 3*i = -g + b. What is the hundreds digit of i?
1
Let a = -94 - -99. Suppose -4*q = -a*d - 2*q + 453, 5*q = 5. What is the units digit of d?
1
Let c(g) = -9*g - 7. Let p(y) = -1. Let f(x) = -c(x) - 6*p(x). Let k(z) = z**2 - 6*z - 3. Let r be k(7). What is the units digit of f(r)?
9
Suppose 0 = -l - 2*u + 87, -4*l + 0*l + 328 = -2*u. Suppose r = -0*r - z + l, z - 395 = -5*r. What is the tens digit of r?
7
Suppose -4*x = -v + 4 + 9, 0 = v + 5*x - 22. Let h = v - 12. Suppose -110 = -0*y - h*y. What is the tens digit of y?
2
Suppose -b = 3*b + 108. Let k = 12 - b. Suppose 3*m - 28 + 172 = 5*d, -d + 4*m = -k. What is the tens digit of d?
2
Let k = -433 - -437. What is the units digit of k?
4
Let q(p) = 2*p - 1. Let r(l) = 52*l**2 - 3*l + 3. Let z(o) = 2*q(o) + r(o). What is the units digit of z(-1)?
2
Let x(j) = 4*j**2. Let d be x(1). Let n(z) = 9*z**3 + 1 - d*z**3 + 7*z**2 - 4*z**3 - 9*z. What is the units digit of n(-8)?
9
Let u(p) = 73*p - 10. What is the units digit of u(1)?
3
Suppose 2*t + 0*t = 7*t. Suppose -14*z + 32 + 206 = t. What is the units digit of z?
7
Suppose 3*k + 6121 = 4*w, 0 = -0*w - 5*w + 4*k + 7650. What is the tens digit of w?
3
Suppose -4*m - 355 = -3*w - 2*m, w - 2*m = 125. Suppose 4*d - w - 177 = 0. What is the tens digit of d?
7
Let h(d) = -d**2 + 4*d + 2. Let n be h(4). Let b be -15*(n - 5)*-1. What is the tens digit of 10/b + (-384)/(-27)?
1
Let v(f) = -f**3 - f**2 - 1. Let n(u) = -5*u**3 - 2*u**2 - 3. Let x(o) = n(o) - 3*v(o). What is the tens digit of x(-2)?
2
What is the tens digit of (176/24 - 6)*2235?
8
Let z be (-3 - 40/(-12))*0. Suppose -4*w - 5*b + 45 = -335, 4*w + 2*b - 368 = z. Suppose -4*f - 7 + 49 = v, 3*v + 3*f - w = 0. What is the units digit of v?
6
Let p be -4 + 11/(33/45). Let m(g) = g**2 - 3 - 5*g - 7 - 4. What is the units digit of m(p)?
2
Let p be 5/2 + 4/(-8). Suppose -3*t + 3*r = -189, p = -2*r + 6. What is the units digit of t?
5
Let b = -726 + 1368. What is the units digit of b?
2
Suppose 2*r - 254 = -o, -o = o - 2*r - 478. What is the units digit of o?
4
Let w = 21 - 13. What is the units digit of w + -11 + -2 + (1 - -77)?
3
Let q = -3298 - -5639. What is the tens digit of q?
4
Suppose -3*t = -3*a + 402, 2*t - 5*a - 152 = 3*t. Let b = 257 + t. What is the hundreds digit of b?
1
Suppose 6*z + z = 2*z. What is the hundreds digit of (z - -2) + (-4 - (-3 - 127))?
1
Let b be 2/1 + (3 - -15). Suppose 0 = 5*z - b, -20 = -4*p - 2*z - 3*z. What is the units digit of (-104)/(-2) + p + -2?
0
Let v be (1 - (-12)/(-8))*-2. What is the units digit of 24/3 - (0 - v)?
9
Let x = 13 - 14. Let s be 0/(((-4)/(-4))/x). Suppose -5*u + 2*k + 101 = s, 2*u = -3*u - 4*k + 83. What is the units digit of u?
9
Let s be (5 + 1)/(2/3). Let j be 1 + 0 + s/(-3). Let t = j + 17. What is the tens digit of t?
1
Let k(t) = -7*t - 75. Let q be k(-9). What is the units digit of (-4)/24 + (-2078)/q?
3
Let v(p) = p**3 - 5*p**2 - 46*p + 69. What is the tens digit of v(20)?
4
Suppose -3*x - 26 = 19. Suppose 5*j - i - 160 = 0, 6*j - 3*i = 2*j + 117. Let w = x + j. What is the tens digit of w?
1
Suppose -795 = -5*k - u, -9*u = 4*k - 6*u - 636. What is the tens digit of k?
5
Let g = -303 - -73. Let i = 366 + g. Suppose -l - 81 = -4*n + i, 0 = -l + 3. What is the units digit of n?
5
Let u(z) = -3*z + 18. Let k be u(6). Suppose k*x + 10 = 5*x. What is the units digit of x?
2
Let q(u) = u**2 - u + 282. Let d be q(0). Let l = 397 - d. What is the units digit of l?
5
Let p = 43 + 11. What is the units digit of p?
4
Let q be -1 + (163 - 2) - (8 + -12). Let c = -85 + q. What is the units digit of c?
9
Let q(r) = 60*r**2 + 9*r + 2. Let s be q(-2). Suppose 0 = -3*h + 11*h - s. What is the units digit of h?
8
Let k be -3 - (2 + -3 + -4). What is the tens digit of k - (-194)/4*2?
9
Suppose 0 = -b - 3*b - 3*y + 7, -5*b + 5*y + 35 = 0. Suppose -4*g + 91 = 5*p + 28, -4*p + 64 = b*g. What is the units digit of g?
7
Suppose -5*y + 2*z + 102 = -10, -2*y + 36 = -3*z. Let p be y/(-4)*3/(-6). Suppose -p*d - d + r = -8, -r = 3*d - 13. What is the units digit of d?
3
Suppose 3*u - 4 = 2. Let b(v) = 79 - 2*v**2 - 151 + 70 + 7*v**3 - v. What is the units digit of b(u)?
4
Let m(j) = -j**3 + 11*j**2 - 9*j + 6. Let n = 4 - -5. What is the tens digit of m(n)?
8
Suppose -70 = 5*b - 6*b. Let v = 26 + b. Let z = v + -63. What is the units digit of z?
3
Let o = -2699 + 6848. What is the thousands digit of o?
4
Suppose -5*c + 5*v = 25, -v - 7 = -0*c + 2*c. Let d(n) = 7*n**2 - 5*n - 7. What is the units digit of d(c)?
5
Suppose -332 = -p - p. Suppose 2*f + 49 = b, -4*b + 0*f - 2*f + p = 0. What is the units digit of b?
3
Let l be -2 + -22 + 3 + -5. Let t = l - -93. What is the tens digit of t?
6
Suppose 5*v - 130 = -f + 44, -f + 3*v + 166 = 0. What is the hundreds digit of f?
1
Suppose 5*f + 27*f = 46176. What is the units digit of f?
3
Suppose 3872 - 432 = 20*f. What is the units digit of f?
2
Let d = -24 - -27. Suppose -4 = -b + d. Let l(g) = 2*g**2 - 9*g + 12. What is the units digit of l(b)?
7
Let n = -1240 - -4085. What is the hundreds digit of n?
8
Let w(j) = j**2 - 18*j - 40. What is the tens digit of w(22)?
4
Let t(m) = 44*m**2 - m + 1. Let w be t(1). Suppose 6*p - w = 5*p. What is the units digit of p?
4
Suppose 0 = 5*p + 4*z + 141, -4*z + 25 + 59 = -4*p. Let u be (-65)/p - (-6)/(-10). Suppose 42 = u*r - 2*o, 5*r - 102 = o + o. What is the tens digit of r?
2
Let t(j) = -j + 7. Let r(u) = -u + 13. Let k(g) = -3*r(g) + 5*t(g). Let y = -21 + 18. What is the units digit of k(y)?
2
What is the hundreds digit of 12/((-3380)/848 - (-5 - -1))?
8
Let s = -30 - -12. Let h be (s/12)/(3/(-8)). Suppose 4*n + h*j - 112 = 0, 5*j + 26 = 2*n - 65. What is the tens digit of n?
3
Suppose -5*m + 4*r + 5 = -7, 10 = 2*m + r. Suppose -m*q = -q - 18. What is the units digit of 9/q + (-2)/(-4)?
2
Let x(o) = -o**3 + 3*o**2 + 5*o - 3. Let h be x(4). Let n(f) = 343*f**3 + 2*f**2 + f - 2. What is the hundreds digit of n(h)?
3
Let q(f) = -22*f - 6. Let a be q(-17). Let x = a + -259. Let k = x + -77. What is the units digit of k?
2
Suppose 0 = 2*s + s. What is the units digit of 55 - s*(-5)/(-10)?
5
Let l(r) = 2*r**2 - 9*r + 2. Let u be (9 - 1)/(-4) + 31. Let w = -21 + u. What is the tens digit of l(w)?
5
Let r = 5523 + -3744. What is the tens digit of r?
7
Let x(n) = n**2 + 102. Suppose 13*c = 9*c. What is the hundreds digit of x(c)?
1
Suppose 3*v - 476 - 1375 = 0. What is the tens digit of v?
1
Suppose 7*c = 10*c - 57. Let u = -13 + c. What is the units digit of u?
6
Suppose k = -3*i + 1 + 8, -2*k - 18 = -3*i. Suppose 3*